{"id":28,"date":"2022-12-22T00:06:21","date_gmt":"2022-12-21T23:06:21","guid":{"rendered":"http:\/\/lesbambinsdefontcaude.fr\/?page_id=28"},"modified":"2024-09-20T16:06:02","modified_gmt":"2024-09-20T14:06:02","slug":"association","status":"publish","type":"page","link":"https:\/\/lesbambinsdefontcaude.fr\/index.php\/association\/","title":{"rendered":"ASSOCIATION"},"content":{"rendered":"\n<p class=\"has-text-align-center\">Nous sommes une association \u00e0 but non lucratif (loi 1901) ouverte \u00e0 tous les parents d\u2019\u00e9l\u00e8ves de l\u2019\u00e9cole primaire Lucie Aubrac Fontcaude \u00e0 Juvignac. Notre but est de d\u00e9velopper une communaut\u00e9 de parents autour de l\u2019\u00e9cole, de permettre \u00e0 chaque parent d\u2019\u00eatre inform\u00e9 et de se sentir v\u00e9ritablement acteur de la vie de l\u2019\u00e9cole.<\/p>\n\n\n\n<p class=\"has-text-align-center\">Faciliter les rapports entre les parents, le corps enseignant et les autorit\u00e9s dont rel\u00e8ve<br>l\u2019\u00e9tablissement. Lutter contre toutes formes de discrimination<br>Promouvoir et g\u00e9rer (directement ou en participation) toutes initiatives culturelles ou<br>sportives au sein ou en dehors de l\u2019\u00e9tablissement.<\/p>\n\n\n\n<figure class=\"wp-block-gallery has-nested-images columns-default is-cropped wp-block-gallery-1 is-layout-flex wp-block-gallery-is-layout-flex\">\n<figure class=\"wp-block-image size-large\"><img loading=\"lazy\" decoding=\"async\" width=\"1024\" height=\"768\" data-id=\"348\" src=\"https:\/\/lesbambinsdefontcaude.fr\/wp-content\/uploads\/2024\/09\/Photo-de-Silvia-BABEAU-MARTINEZ-2-1024x768.jpg\" alt=\"\" class=\"wp-image-348\" srcset=\"https:\/\/lesbambinsdefontcaude.fr\/wp-content\/uploads\/2024\/09\/Photo-de-Silvia-BABEAU-MARTINEZ-2-1024x768.jpg 1024w, https:\/\/lesbambinsdefontcaude.fr\/wp-content\/uploads\/2024\/09\/Photo-de-Silvia-BABEAU-MARTINEZ-2-300x225.jpg 300w, https:\/\/lesbambinsdefontcaude.fr\/wp-content\/uploads\/2024\/09\/Photo-de-Silvia-BABEAU-MARTINEZ-2-768x576.jpg 768w, https:\/\/lesbambinsdefontcaude.fr\/wp-content\/uploads\/2024\/09\/Photo-de-Silvia-BABEAU-MARTINEZ-2-1536x1152.jpg 1536w, https:\/\/lesbambinsdefontcaude.fr\/wp-content\/uploads\/2024\/09\/Photo-de-Silvia-BABEAU-MARTINEZ-2-80x60.jpg 80w, https:\/\/lesbambinsdefontcaude.fr\/wp-content\/uploads\/2024\/09\/Photo-de-Silvia-BABEAU-MARTINEZ-2-640x480.jpg 640w, https:\/\/lesbambinsdefontcaude.fr\/wp-content\/uploads\/2024\/09\/Photo-de-Silvia-BABEAU-MARTINEZ-2-110x83.jpg 110w, https:\/\/lesbambinsdefontcaude.fr\/wp-content\/uploads\/2024\/09\/Photo-de-Silvia-BABEAU-MARTINEZ-2.jpg 1600w\" sizes=\"auto, (max-width: 1024px) 100vw, 1024px\" \/><\/figure>\n\n\n\n<figure class=\"wp-block-image size-large\"><img loading=\"lazy\" decoding=\"async\" width=\"768\" height=\"1024\" data-id=\"349\" src=\"https:\/\/lesbambinsdefontcaude.fr\/wp-content\/uploads\/2024\/09\/Photo-de-Silvia-BABEAU-MARTINEZ-1-768x1024.jpg\" alt=\"\" class=\"wp-image-349\" srcset=\"https:\/\/lesbambinsdefontcaude.fr\/wp-content\/uploads\/2024\/09\/Photo-de-Silvia-BABEAU-MARTINEZ-1-768x1024.jpg 768w, https:\/\/lesbambinsdefontcaude.fr\/wp-content\/uploads\/2024\/09\/Photo-de-Silvia-BABEAU-MARTINEZ-1-225x300.jpg 225w, https:\/\/lesbambinsdefontcaude.fr\/wp-content\/uploads\/2024\/09\/Photo-de-Silvia-BABEAU-MARTINEZ-1-1152x1536.jpg 1152w, https:\/\/lesbambinsdefontcaude.fr\/wp-content\/uploads\/2024\/09\/Photo-de-Silvia-BABEAU-MARTINEZ-1-45x60.jpg 45w, https:\/\/lesbambinsdefontcaude.fr\/wp-content\/uploads\/2024\/09\/Photo-de-Silvia-BABEAU-MARTINEZ-1.jpg 1500w\" sizes=\"auto, (max-width: 768px) 100vw, 768px\" \/><\/figure>\n\n\n\n<figure class=\"wp-block-image size-large\"><img loading=\"lazy\" decoding=\"async\" width=\"1024\" height=\"768\" data-id=\"350\" src=\"https:\/\/lesbambinsdefontcaude.fr\/wp-content\/uploads\/2024\/09\/Photo-de-Silvia-BABEAU-MARTINEZ-1024x768.jpg\" alt=\"\" class=\"wp-image-350\" srcset=\"https:\/\/lesbambinsdefontcaude.fr\/wp-content\/uploads\/2024\/09\/Photo-de-Silvia-BABEAU-MARTINEZ-1024x768.jpg 1024w, https:\/\/lesbambinsdefontcaude.fr\/wp-content\/uploads\/2024\/09\/Photo-de-Silvia-BABEAU-MARTINEZ-300x225.jpg 300w, https:\/\/lesbambinsdefontcaude.fr\/wp-content\/uploads\/2024\/09\/Photo-de-Silvia-BABEAU-MARTINEZ-768x576.jpg 768w, https:\/\/lesbambinsdefontcaude.fr\/wp-content\/uploads\/2024\/09\/Photo-de-Silvia-BABEAU-MARTINEZ-1536x1152.jpg 1536w, https:\/\/lesbambinsdefontcaude.fr\/wp-content\/uploads\/2024\/09\/Photo-de-Silvia-BABEAU-MARTINEZ-80x60.jpg 80w, https:\/\/lesbambinsdefontcaude.fr\/wp-content\/uploads\/2024\/09\/Photo-de-Silvia-BABEAU-MARTINEZ-640x480.jpg 640w, https:\/\/lesbambinsdefontcaude.fr\/wp-content\/uploads\/2024\/09\/Photo-de-Silvia-BABEAU-MARTINEZ-110x83.jpg 110w, https:\/\/lesbambinsdefontcaude.fr\/wp-content\/uploads\/2024\/09\/Photo-de-Silvia-BABEAU-MARTINEZ.jpg 2048w\" sizes=\"auto, (max-width: 1024px) 100vw, 1024px\" \/><\/figure>\n<\/figure>\n\n\n\n<figure class=\"wp-block-image size-large\"><img loading=\"lazy\" decoding=\"async\" width=\"1024\" height=\"512\" src=\"https:\/\/lesbambinsdefontcaude.fr\/wp-content\/uploads\/2024\/09\/banniere-site-web-benevole-1-3-1024x512.png\" alt=\"\" class=\"wp-image-355\" srcset=\"https:\/\/lesbambinsdefontcaude.fr\/wp-content\/uploads\/2024\/09\/banniere-site-web-benevole-1-3-1024x512.png 1024w, https:\/\/lesbambinsdefontcaude.fr\/wp-content\/uploads\/2024\/09\/banniere-site-web-benevole-1-3-300x150.png 300w, https:\/\/lesbambinsdefontcaude.fr\/wp-content\/uploads\/2024\/09\/banniere-site-web-benevole-1-3-768x384.png 768w, https:\/\/lesbambinsdefontcaude.fr\/wp-content\/uploads\/2024\/09\/banniere-site-web-benevole-1-3-1536x768.png 1536w, https:\/\/lesbambinsdefontcaude.fr\/wp-content\/uploads\/2024\/09\/banniere-site-web-benevole-1-3-2048x1024.png 2048w, https:\/\/lesbambinsdefontcaude.fr\/wp-content\/uploads\/2024\/09\/banniere-site-web-benevole-1-3-120x60.png 120w\" sizes=\"auto, (max-width: 1024px) 100vw, 1024px\" \/><\/figure>\n\n\n\n<div class=\"wp-block-uagb-container uagb-block-76b7ea6c alignfull uagb-is-root-container\"><div class=\"uagb-container-inner-blocks-wrap\">\n\n<div class=\"wp-block-uagb-container uagb-block-eb2e59e0\">\n\n<figure class=\"wp-block-image size-full is-resized\"><img loading=\"lazy\" decoding=\"async\" src=\"http:\/\/lesbambinsdefontcaude.fr\/wp-content\/uploads\/2022\/12\/5.png\" alt=\"\" class=\"wp-image-186\" width=\"330\" height=\"343\" srcset=\"https:\/\/lesbambinsdefontcaude.fr\/wp-content\/uploads\/2022\/12\/5.png 289w, https:\/\/lesbambinsdefontcaude.fr\/wp-content\/uploads\/2022\/12\/5-58x60.png 58w\" sizes=\"auto, (max-width: 330px) 100vw, 330px\" \/><\/figure>\n\n<\/div>\n\n\n<div class=\"wp-block-uagb-container uagb-block-bbfbf414\">\n\n<div class=\"wp-block-uagb-info-box uagb-block-0e3607b8 uagb-infobox__content-wrap  uagb-infobox-icon-above-title uagb-infobox-image-valign-top\"><div class=\"uagb-ifb-content\"><div class=\"uagb-ifb-title-wrap\"><h2 class=\"uagb-ifb-title\">Comment nous aider?<\/h2><\/div><p class=\"uagb-ifb-desc\">Si vous souhaitez nous aider pour organiser des festivit\u00e9s, des activit\u00e9s, vous pouvez<a>&nbsp;<\/a>contacter les membres de l\u2019association&nbsp;via notre adresse mail. De plus, en vous abonnant \u00e0 la&nbsp;lettre d\u2019information, vous nous permettez de vous transmettre facilement les informations.<br>Une information sera distribu\u00e9e par les enseignants avant chaque manifestation.<\/p><\/div><\/div>\n\n<\/div>\n\n<\/div><\/div>\n\n\n\n<p><\/p>\n","protected":false},"excerpt":{"rendered":"<p>Nous sommes une association \u00e0 but non lucratif (loi 1901) ouverte \u00e0 tous les parents d\u2019\u00e9l\u00e8ves de l\u2019\u00e9cole primaire Lucie Aubrac Fontcaude \u00e0 Juvignac.<br \/>\n#association#juvignac<\/p>\n","protected":false},"author":1,"featured_media":0,"parent":0,"menu_order":0,"comment_status":"closed","ping_status":"closed","template":"","meta":{"_themeisle_gutenberg_block_has_review":false,"_ti_tpc_template_sync":false,"_ti_tpc_template_id":"","footnotes":""},"class_list":["post-28","page","type-page","status-publish","hentry"],"yoast_head":"<!-- This site is optimized with the Yoast SEO plugin v19.13 - https:\/\/yoast.com\/wordpress\/plugins\/seo\/ -->\n<title>ASSOCIATION - Association Les Bambins de Fontcaude<\/title>\n<meta name=\"description\" content=\"Nous sommes une association \u00e0 but non lucratif (loi 1901) ouverte \u00e0 tous les parents d\u2019\u00e9l\u00e8ves de l\u2019\u00e9cole primaire Lucie Aubrac Fontcaude \u00e0 Juvignac.\" \/>\n<meta name=\"robots\" content=\"index, follow, max-snippet:-1, max-image-preview:large, max-video-preview:-1\" \/>\n<link rel=\"canonical\" href=\"https:\/\/lesbambinsdefontcaude.fr\/index.php\/association\/\" \/>\n<meta property=\"og:locale\" content=\"en_US\" \/>\n<meta property=\"og:type\" content=\"article\" \/>\n<meta property=\"og:title\" content=\"ASSOCIATION - Association Les Bambins de Fontcaude\" \/>\n<meta property=\"og:description\" content=\"Nous sommes une association \u00e0 but non lucratif (loi 1901) ouverte \u00e0 tous les parents d\u2019\u00e9l\u00e8ves de l\u2019\u00e9cole primaire Lucie Aubrac Fontcaude \u00e0 Juvignac.\" \/>\n<meta property=\"og:url\" content=\"https:\/\/lesbambinsdefontcaude.fr\/index.php\/association\/\" \/>\n<meta property=\"og:site_name\" content=\"Association Les Bambins de Fontcaude\" \/>\n<meta property=\"article:publisher\" content=\"https:\/\/m.facebook.com\/people\/Association-des-Parents-dlves-Les-Bambins-de-Fontcaude\/100086755537772\/\" \/>\n<meta property=\"article:modified_time\" content=\"2024-09-20T14:06:02+00:00\" \/>\n<meta property=\"og:image\" content=\"https:\/\/lesbambinsdefontcaude.fr\/wp-content\/uploads\/2022\/12\/png_20220921_213444_0000-5.png\" \/>\n\t<meta property=\"og:image:width\" content=\"617\" \/>\n\t<meta property=\"og:image:height\" content=\"370\" \/>\n\t<meta property=\"og:image:type\" content=\"image\/png\" \/>\n<meta name=\"twitter:card\" content=\"summary_large_image\" \/>\n<meta name=\"twitter:label1\" content=\"Est. reading time\" \/>\n\t<meta name=\"twitter:data1\" content=\"2 minutes\" \/>\n<script type=\"application\/ld+json\" class=\"yoast-schema-graph\">{\"@context\":\"https:\/\/schema.org\",\"@graph\":[{\"@type\":\"WebPage\",\"@id\":\"https:\/\/lesbambinsdefontcaude.fr\/index.php\/association\/\",\"url\":\"https:\/\/lesbambinsdefontcaude.fr\/index.php\/association\/\",\"name\":\"ASSOCIATION - Association Les Bambins de Fontcaude\",\"isPartOf\":{\"@id\":\"https:\/\/lesbambinsdefontcaude.fr\/#website\"},\"datePublished\":\"2022-12-21T23:06:21+00:00\",\"dateModified\":\"2024-09-20T14:06:02+00:00\",\"description\":\"Nous sommes une association \u00e0 but non lucratif (loi 1901) ouverte \u00e0 tous les parents d\u2019\u00e9l\u00e8ves de l\u2019\u00e9cole primaire Lucie Aubrac Fontcaude \u00e0 Juvignac.\",\"breadcrumb\":{\"@id\":\"https:\/\/lesbambinsdefontcaude.fr\/index.php\/association\/#breadcrumb\"},\"inLanguage\":\"en-US\",\"potentialAction\":[{\"@type\":\"ReadAction\",\"target\":[\"https:\/\/lesbambinsdefontcaude.fr\/index.php\/association\/\"]}]},{\"@type\":\"BreadcrumbList\",\"@id\":\"https:\/\/lesbambinsdefontcaude.fr\/index.php\/association\/#breadcrumb\",\"itemListElement\":[{\"@type\":\"ListItem\",\"position\":1,\"name\":\"Accueil\",\"item\":\"https:\/\/lesbambinsdefontcaude.fr\/\"},{\"@type\":\"ListItem\",\"position\":2,\"name\":\"ASSOCIATION\"}]},{\"@type\":\"WebSite\",\"@id\":\"https:\/\/lesbambinsdefontcaude.fr\/#website\",\"url\":\"https:\/\/lesbambinsdefontcaude.fr\/\",\"name\":\"lesbambinsdefontcaude\",\"description\":\"\",\"publisher\":{\"@id\":\"https:\/\/lesbambinsdefontcaude.fr\/#organization\"},\"potentialAction\":[{\"@type\":\"SearchAction\",\"target\":{\"@type\":\"EntryPoint\",\"urlTemplate\":\"https:\/\/lesbambinsdefontcaude.fr\/?s={search_term_string}\"},\"query-input\":\"required name=search_term_string\"}],\"inLanguage\":\"en-US\"},{\"@type\":\"Organization\",\"@id\":\"https:\/\/lesbambinsdefontcaude.fr\/#organization\",\"name\":\"Association des parents d'\u00e9l\u00e8ves les Bambins de Fontcaude\",\"url\":\"https:\/\/lesbambinsdefontcaude.fr\/\",\"logo\":{\"@type\":\"ImageObject\",\"inLanguage\":\"en-US\",\"@id\":\"https:\/\/lesbambinsdefontcaude.fr\/#\/schema\/logo\/image\/\",\"url\":\"http:\/\/lesbambinsdefontcaude.fr\/wp-content\/uploads\/2022\/12\/png_20220921_213444_0000-5.png\",\"contentUrl\":\"http:\/\/lesbambinsdefontcaude.fr\/wp-content\/uploads\/2022\/12\/png_20220921_213444_0000-5.png\",\"width\":617,\"height\":370,\"caption\":\"Association des parents d'\u00e9l\u00e8ves les Bambins de Fontcaude\"},\"image\":{\"@id\":\"https:\/\/lesbambinsdefontcaude.fr\/#\/schema\/logo\/image\/\"},\"sameAs\":[\"https:\/\/m.facebook.com\/people\/Association-des-Parents-dlves-Les-Bambins-de-Fontcaude\/100086755537772\/\"]}]}<\/script>\n<!-- \/ Yoast SEO plugin. -->","yoast_head_json":{"title":"ASSOCIATION - Association Les Bambins de Fontcaude","description":"Nous sommes une association \u00e0 but non lucratif (loi 1901) ouverte \u00e0 tous les parents d\u2019\u00e9l\u00e8ves de l\u2019\u00e9cole primaire Lucie Aubrac Fontcaude \u00e0 Juvignac.","robots":{"index":"index","follow":"follow","max-snippet":"max-snippet:-1","max-image-preview":"max-image-preview:large","max-video-preview":"max-video-preview:-1"},"canonical":"https:\/\/lesbambinsdefontcaude.fr\/index.php\/association\/","og_locale":"en_US","og_type":"article","og_title":"ASSOCIATION - Association Les Bambins de Fontcaude","og_description":"Nous sommes une association \u00e0 but non lucratif (loi 1901) ouverte \u00e0 tous les parents d\u2019\u00e9l\u00e8ves de l\u2019\u00e9cole primaire Lucie Aubrac Fontcaude \u00e0 Juvignac.","og_url":"https:\/\/lesbambinsdefontcaude.fr\/index.php\/association\/","og_site_name":"Association Les Bambins de Fontcaude","article_publisher":"https:\/\/m.facebook.com\/people\/Association-des-Parents-dlves-Les-Bambins-de-Fontcaude\/100086755537772\/","article_modified_time":"2024-09-20T14:06:02+00:00","og_image":[{"width":617,"height":370,"url":"https:\/\/lesbambinsdefontcaude.fr\/wp-content\/uploads\/2022\/12\/png_20220921_213444_0000-5.png","type":"image\/png"}],"twitter_card":"summary_large_image","twitter_misc":{"Est. reading time":"2 minutes"},"schema":{"@context":"https:\/\/schema.org","@graph":[{"@type":"WebPage","@id":"https:\/\/lesbambinsdefontcaude.fr\/index.php\/association\/","url":"https:\/\/lesbambinsdefontcaude.fr\/index.php\/association\/","name":"ASSOCIATION - Association Les Bambins de Fontcaude","isPartOf":{"@id":"https:\/\/lesbambinsdefontcaude.fr\/#website"},"datePublished":"2022-12-21T23:06:21+00:00","dateModified":"2024-09-20T14:06:02+00:00","description":"Nous sommes une association \u00e0 but non lucratif (loi 1901) ouverte \u00e0 tous les parents d\u2019\u00e9l\u00e8ves de l\u2019\u00e9cole primaire Lucie Aubrac Fontcaude \u00e0 Juvignac.","breadcrumb":{"@id":"https:\/\/lesbambinsdefontcaude.fr\/index.php\/association\/#breadcrumb"},"inLanguage":"en-US","potentialAction":[{"@type":"ReadAction","target":["https:\/\/lesbambinsdefontcaude.fr\/index.php\/association\/"]}]},{"@type":"BreadcrumbList","@id":"https:\/\/lesbambinsdefontcaude.fr\/index.php\/association\/#breadcrumb","itemListElement":[{"@type":"ListItem","position":1,"name":"Accueil","item":"https:\/\/lesbambinsdefontcaude.fr\/"},{"@type":"ListItem","position":2,"name":"ASSOCIATION"}]},{"@type":"WebSite","@id":"https:\/\/lesbambinsdefontcaude.fr\/#website","url":"https:\/\/lesbambinsdefontcaude.fr\/","name":"lesbambinsdefontcaude","description":"","publisher":{"@id":"https:\/\/lesbambinsdefontcaude.fr\/#organization"},"potentialAction":[{"@type":"SearchAction","target":{"@type":"EntryPoint","urlTemplate":"https:\/\/lesbambinsdefontcaude.fr\/?s={search_term_string}"},"query-input":"required name=search_term_string"}],"inLanguage":"en-US"},{"@type":"Organization","@id":"https:\/\/lesbambinsdefontcaude.fr\/#organization","name":"Association des parents d'\u00e9l\u00e8ves les Bambins de Fontcaude","url":"https:\/\/lesbambinsdefontcaude.fr\/","logo":{"@type":"ImageObject","inLanguage":"en-US","@id":"https:\/\/lesbambinsdefontcaude.fr\/#\/schema\/logo\/image\/","url":"http:\/\/lesbambinsdefontcaude.fr\/wp-content\/uploads\/2022\/12\/png_20220921_213444_0000-5.png","contentUrl":"http:\/\/lesbambinsdefontcaude.fr\/wp-content\/uploads\/2022\/12\/png_20220921_213444_0000-5.png","width":617,"height":370,"caption":"Association des parents d'\u00e9l\u00e8ves les Bambins de Fontcaude"},"image":{"@id":"https:\/\/lesbambinsdefontcaude.fr\/#\/schema\/logo\/image\/"},"sameAs":["https:\/\/m.facebook.com\/people\/Association-des-Parents-dlves-Les-Bambins-de-Fontcaude\/100086755537772\/"]}]}},"featured_image_src":null,"featured_image_src_square":null,"_links":{"self":[{"href":"https:\/\/lesbambinsdefontcaude.fr\/index.php\/wp-json\/wp\/v2\/pages\/28","targetHints":{"allow":["GET"]}}],"collection":[{"href":"https:\/\/lesbambinsdefontcaude.fr\/index.php\/wp-json\/wp\/v2\/pages"}],"about":[{"href":"https:\/\/lesbambinsdefontcaude.fr\/index.php\/wp-json\/wp\/v2\/types\/page"}],"author":[{"embeddable":true,"href":"https:\/\/lesbambinsdefontcaude.fr\/index.php\/wp-json\/wp\/v2\/users\/1"}],"replies":[{"embeddable":true,"href":"https:\/\/lesbambinsdefontcaude.fr\/index.php\/wp-json\/wp\/v2\/comments?post=28"}],"version-history":[{"count":14,"href":"https:\/\/lesbambinsdefontcaude.fr\/index.php\/wp-json\/wp\/v2\/pages\/28\/revisions"}],"predecessor-version":[{"id":356,"href":"https:\/\/lesbambinsdefontcaude.fr\/index.php\/wp-json\/wp\/v2\/pages\/28\/revisions\/356"}],"wp:attachment":[{"href":"https:\/\/lesbambinsdefontcaude.fr\/index.php\/wp-json\/wp\/v2\/media?parent=28"}],"curies":[{"name":"wp","href":"https:\/\/api.w.org\/{rel}","templated":true}]}}