{"id":2,"date":"2022-12-20T20:23:29","date_gmt":"2022-12-20T19:23:29","guid":{"rendered":"http:\/\/lesbambinsdefontcaude.fr\/?page_id=2"},"modified":"2024-09-20T16:10:14","modified_gmt":"2024-09-20T14:10:14","slug":"page-d-exemple","status":"publish","type":"page","link":"https:\/\/lesbambinsdefontcaude.fr\/index.php\/page-d-exemple\/","title":{"rendered":"L&#8217;ECOLE"},"content":{"rendered":"\n<h2 class=\"wp-block-heading has-vivid-red-color has-text-color has-medium-font-size\"><o-anim-typing>Pr\u00e9s\u00e9ntation<\/o-anim-typing><\/h2>\n\n\n\n<p>L&#8217;\u00e9cole primaire Lucie Aubrac Fontcaude a ouvert ses portes le 1er Septembre 1994. Elle fait partie de la &nbsp;Circonscription d&#8217;inspection du 1er degr\u00e9 de Montpellier Ouest.<\/p>\n\n\n\n<p>Elle compte environ entre 250 et 260 \u00e9l\u00e8ves.<\/p>\n\n\n\n<p>10 classes ( 6 \u00e9l\u00e9mentaires et 4 maternelles).<\/p>\n\n\n\n<p>C&#8217;est une \u00e9cole \u00e0 taille humaine o\u00f9 il fait bon vivre.<\/p>\n\n\n\n<h2 class=\"wp-block-heading has-vivid-red-color has-text-color has-medium-font-size\"><\/h2>\n\n\n\n<div class=\"wp-block-atomic-blocks-ab-columns ab-layout-service-4 ab-layout-columns-2 ab-2-col-equal ab-has-custom-background-color ab-columns-center alignfull\" style=\"padding-top:15%;padding-right:5%;padding-bottom:15%;padding-left:5%;background-color:#fecfa7\"><div class=\"ab-layout-column-wrap ab-block-layout-column-gap-6 ab-is-responsive-column\" style=\"max-width:1200px\">\n<div class=\"wp-block-atomic-blocks-ab-column ab-block-layout-column\"><div class=\"ab-block-layout-column-inner\">\n<p>Les enfants lors du projet d&#8217;\u00e9cole 2020-2023 ont rendu en 2021 un&nbsp; projet de cour \u00e9l\u00e9mentaire \u00e0 la ville de Juvignac pour l&#8217;instant sans nouvelle. Les \u00e9l\u00e8ves ont abouti &nbsp;\u00e0 la conclusion qu\u2019\u00e9tablir des r\u00e8gles de la cour et des couloirs ne suffisait pas et que cet espace devait \u00eatre am\u00e9nag\u00e9, afin que chacun y trouve son compte et y vive en harmonie avec ses pairs.<\/p>\n\n\n\n<p>Ils ont propos\u00e9 des am\u00e9nagements car la cour est trop b\u00e9tonn\u00e9, sans ombre et leurs demandes sont en lien avec le projet de d\u00e9veloppement durable des CP-CE2. &nbsp; (Faire rentrer la nature, peindre des jeux au sol, instaurer des coins calmes, jeux de salle, la n\u00e9cessite d&#8217;avoir de l&#8217;ombre, ce sont des propositions parmi autres).<\/p>\n\n\n\n<p>En tant qu&#8217;Association des parents d&#8217;\u00e9l\u00e8ves nous souhaitons le soutenir et faire possible que ce projet puisse voir le jour. Avec votre aide nous pouvons r\u00e9ussir &nbsp;\u00e0 donner \u00e0 nos enfants un environnement sain pour \u00e9tudier et se divertir.<\/p>\n\n\n\n<p><\/p>\n<\/div><\/div>\n\n\n\n<div class=\"wp-block-atomic-blocks-ab-column ab-block-layout-column\"><div class=\"ab-block-layout-column-inner\">\n<figure class=\"wp-block-image size-large\"><img loading=\"lazy\" decoding=\"async\" width=\"1024\" height=\"768\" src=\"http:\/\/lesbambinsdefontcaude.fr\/wp-content\/uploads\/2022\/12\/IMG_20221007_134621-1-1024x768.jpg\" alt=\"\" class=\"wp-image-210\" srcset=\"https:\/\/lesbambinsdefontcaude.fr\/wp-content\/uploads\/2022\/12\/IMG_20221007_134621-1-1024x768.jpg 1024w, https:\/\/lesbambinsdefontcaude.fr\/wp-content\/uploads\/2022\/12\/IMG_20221007_134621-1-300x225.jpg 300w, https:\/\/lesbambinsdefontcaude.fr\/wp-content\/uploads\/2022\/12\/IMG_20221007_134621-1-768x576.jpg 768w, https:\/\/lesbambinsdefontcaude.fr\/wp-content\/uploads\/2022\/12\/IMG_20221007_134621-1-1536x1152.jpg 1536w, https:\/\/lesbambinsdefontcaude.fr\/wp-content\/uploads\/2022\/12\/IMG_20221007_134621-1-2048x1536.jpg 2048w, https:\/\/lesbambinsdefontcaude.fr\/wp-content\/uploads\/2022\/12\/IMG_20221007_134621-1-80x60.jpg 80w, https:\/\/lesbambinsdefontcaude.fr\/wp-content\/uploads\/2022\/12\/IMG_20221007_134621-1-640x480.jpg 640w, https:\/\/lesbambinsdefontcaude.fr\/wp-content\/uploads\/2022\/12\/IMG_20221007_134621-1-110x83.jpg 110w\" sizes=\"auto, (max-width: 1024px) 100vw, 1024px\" \/><\/figure>\n<\/div><\/div>\n<\/div><\/div>\n\n\n\n<div class=\"wp-block-uagb-container uagb-block-fcb8041b alignfull uagb-is-root-container\"><div class=\"uagb-container-inner-blocks-wrap\">\n\n<h2 class=\"wp-block-heading\">Mise \u00e0 jour au Janvier 2024<\/h2>\n\n\n<p>Les jeux au sol c\u00f4t\u00e9 \u00e9l\u00e9mentaire ont \u00e9t\u00e9 renouvel\u00e9s par la Mairie. C\u00f4t\u00e9 Ombrage, lors de la derni\u00e8re r\u00e9union avec la Mairie (21 novembre 2023), l&#8217;association a soulign\u00e9 l&#8217;impact significatif d&#8217;une cour de r\u00e9cr\u00e9ation am\u00e9nag\u00e9e. Nous avons soulign\u00e9 l&#8217;aspect pr\u00e9occupant sur la vuln\u00e9rabilit\u00e9 des enfants face \u00e0 l&#8217;exposition prolong\u00e9e au soleil lors des p\u00e9riodes de chaleur.  R\u00e9ponse de la Mairie &#8220;Il faut se pr\u00e9parer collectivement pour pr\u00e9parer la r\u00e9silience climatique&#8221;. La Mairie s&#8217;est engag\u00e9 \u00e0 analyser  un nouveau projet de pose de toiles d&#8217;ombrage . De m\u00eame \u00e0 analyser les \u00e9carts de temp\u00e9rature lors des diff\u00e9rents espaces de l&#8217;\u00e9cole.<\/p>\n\n\n<p>Le projet de cour Oasis a \u00e9t\u00e9 d\u00e9cal\u00e9 pour le budget 2026<\/p>\n\n\n<p><br><\/p>\n\n<\/div><\/div>\n","protected":false},"excerpt":{"rendered":"<p>Pr\u00e9s\u00e9ntation L&#8217;\u00e9cole primaire Lucie Aubrac Fontcaude a ouvert ses portes le 1er Septembre 1994. Elle fait partie de la &nbsp;Circonscription d&#8217;inspection du 1er degr\u00e9 de Montpellier Ouest. Elle compte environ &hellip; <\/p>\n","protected":false},"author":1,"featured_media":0,"parent":0,"menu_order":0,"comment_status":"closed","ping_status":"open","template":"","meta":{"_themeisle_gutenberg_block_has_review":false,"_ti_tpc_template_sync":false,"_ti_tpc_template_id":"","footnotes":""},"class_list":["post-2","page","type-page","status-publish","hentry"],"yoast_head":"<!-- This site is optimized with the Yoast SEO plugin v19.13 - https:\/\/yoast.com\/wordpress\/plugins\/seo\/ -->\n<title>L&#039;ECOLE - Association Les Bambins de Fontcaude<\/title>\n<meta name=\"robots\" content=\"index, follow, max-snippet:-1, max-image-preview:large, max-video-preview:-1\" \/>\n<link rel=\"canonical\" href=\"https:\/\/lesbambinsdefontcaude.fr\/index.php\/page-d-exemple\/\" \/>\n<meta property=\"og:locale\" content=\"en_US\" \/>\n<meta property=\"og:type\" content=\"article\" \/>\n<meta property=\"og:title\" content=\"L&#039;ECOLE - Association Les Bambins de Fontcaude\" \/>\n<meta property=\"og:description\" content=\"Pr\u00e9s\u00e9ntation L&#8217;\u00e9cole primaire Lucie Aubrac Fontcaude a ouvert ses portes le 1er Septembre 1994. Elle fait partie de la &nbsp;Circonscription d&#8217;inspection du 1er degr\u00e9 de Montpellier Ouest. Elle compte environ &hellip;\" \/>\n<meta property=\"og:url\" content=\"https:\/\/lesbambinsdefontcaude.fr\/index.php\/page-d-exemple\/\" \/>\n<meta property=\"og:site_name\" content=\"Association Les Bambins de Fontcaude\" \/>\n<meta property=\"article:publisher\" content=\"https:\/\/m.facebook.com\/people\/Association-des-Parents-dlves-Les-Bambins-de-Fontcaude\/100086755537772\/\" \/>\n<meta property=\"article:modified_time\" content=\"2024-09-20T14:10:14+00:00\" \/>\n<meta property=\"og:image\" content=\"http:\/\/lesbambinsdefontcaude.fr\/wp-content\/uploads\/2022\/12\/IMG_20221007_134621-1-1024x768.jpg\" \/>\n<meta name=\"twitter:card\" content=\"summary_large_image\" \/>\n<meta name=\"twitter:label1\" content=\"Est. reading time\" \/>\n\t<meta name=\"twitter:data1\" content=\"2 minutes\" \/>\n<script type=\"application\/ld+json\" class=\"yoast-schema-graph\">{\"@context\":\"https:\/\/schema.org\",\"@graph\":[{\"@type\":\"WebPage\",\"@id\":\"https:\/\/lesbambinsdefontcaude.fr\/index.php\/page-d-exemple\/\",\"url\":\"https:\/\/lesbambinsdefontcaude.fr\/index.php\/page-d-exemple\/\",\"name\":\"L'ECOLE - Association Les Bambins de Fontcaude\",\"isPartOf\":{\"@id\":\"https:\/\/lesbambinsdefontcaude.fr\/#website\"},\"datePublished\":\"2022-12-20T19:23:29+00:00\",\"dateModified\":\"2024-09-20T14:10:14+00:00\",\"breadcrumb\":{\"@id\":\"https:\/\/lesbambinsdefontcaude.fr\/index.php\/page-d-exemple\/#breadcrumb\"},\"inLanguage\":\"en-US\",\"potentialAction\":[{\"@type\":\"ReadAction\",\"target\":[\"https:\/\/lesbambinsdefontcaude.fr\/index.php\/page-d-exemple\/\"]}]},{\"@type\":\"BreadcrumbList\",\"@id\":\"https:\/\/lesbambinsdefontcaude.fr\/index.php\/page-d-exemple\/#breadcrumb\",\"itemListElement\":[{\"@type\":\"ListItem\",\"position\":1,\"name\":\"Accueil\",\"item\":\"https:\/\/lesbambinsdefontcaude.fr\/\"},{\"@type\":\"ListItem\",\"position\":2,\"name\":\"L&#8217;ECOLE\"}]},{\"@type\":\"WebSite\",\"@id\":\"https:\/\/lesbambinsdefontcaude.fr\/#website\",\"url\":\"https:\/\/lesbambinsdefontcaude.fr\/\",\"name\":\"lesbambinsdefontcaude\",\"description\":\"\",\"publisher\":{\"@id\":\"https:\/\/lesbambinsdefontcaude.fr\/#organization\"},\"potentialAction\":[{\"@type\":\"SearchAction\",\"target\":{\"@type\":\"EntryPoint\",\"urlTemplate\":\"https:\/\/lesbambinsdefontcaude.fr\/?s={search_term_string}\"},\"query-input\":\"required name=search_term_string\"}],\"inLanguage\":\"en-US\"},{\"@type\":\"Organization\",\"@id\":\"https:\/\/lesbambinsdefontcaude.fr\/#organization\",\"name\":\"Association des parents d'\u00e9l\u00e8ves les Bambins de Fontcaude\",\"url\":\"https:\/\/lesbambinsdefontcaude.fr\/\",\"logo\":{\"@type\":\"ImageObject\",\"inLanguage\":\"en-US\",\"@id\":\"https:\/\/lesbambinsdefontcaude.fr\/#\/schema\/logo\/image\/\",\"url\":\"http:\/\/lesbambinsdefontcaude.fr\/wp-content\/uploads\/2022\/12\/png_20220921_213444_0000-5.png\",\"contentUrl\":\"http:\/\/lesbambinsdefontcaude.fr\/wp-content\/uploads\/2022\/12\/png_20220921_213444_0000-5.png\",\"width\":617,\"height\":370,\"caption\":\"Association des parents d'\u00e9l\u00e8ves les Bambins de Fontcaude\"},\"image\":{\"@id\":\"https:\/\/lesbambinsdefontcaude.fr\/#\/schema\/logo\/image\/\"},\"sameAs\":[\"https:\/\/m.facebook.com\/people\/Association-des-Parents-dlves-Les-Bambins-de-Fontcaude\/100086755537772\/\"]}]}<\/script>\n<!-- \/ Yoast SEO plugin. -->","yoast_head_json":{"title":"L'ECOLE - Association Les Bambins de Fontcaude","robots":{"index":"index","follow":"follow","max-snippet":"max-snippet:-1","max-image-preview":"max-image-preview:large","max-video-preview":"max-video-preview:-1"},"canonical":"https:\/\/lesbambinsdefontcaude.fr\/index.php\/page-d-exemple\/","og_locale":"en_US","og_type":"article","og_title":"L'ECOLE - Association Les Bambins de Fontcaude","og_description":"Pr\u00e9s\u00e9ntation L&#8217;\u00e9cole primaire Lucie Aubrac Fontcaude a ouvert ses portes le 1er Septembre 1994. Elle fait partie de la &nbsp;Circonscription d&#8217;inspection du 1er degr\u00e9 de Montpellier Ouest. Elle compte environ &hellip;","og_url":"https:\/\/lesbambinsdefontcaude.fr\/index.php\/page-d-exemple\/","og_site_name":"Association Les Bambins de Fontcaude","article_publisher":"https:\/\/m.facebook.com\/people\/Association-des-Parents-dlves-Les-Bambins-de-Fontcaude\/100086755537772\/","article_modified_time":"2024-09-20T14:10:14+00:00","og_image":[{"url":"http:\/\/lesbambinsdefontcaude.fr\/wp-content\/uploads\/2022\/12\/IMG_20221007_134621-1-1024x768.jpg"}],"twitter_card":"summary_large_image","twitter_misc":{"Est. reading time":"2 minutes"},"schema":{"@context":"https:\/\/schema.org","@graph":[{"@type":"WebPage","@id":"https:\/\/lesbambinsdefontcaude.fr\/index.php\/page-d-exemple\/","url":"https:\/\/lesbambinsdefontcaude.fr\/index.php\/page-d-exemple\/","name":"L'ECOLE - Association Les Bambins de Fontcaude","isPartOf":{"@id":"https:\/\/lesbambinsdefontcaude.fr\/#website"},"datePublished":"2022-12-20T19:23:29+00:00","dateModified":"2024-09-20T14:10:14+00:00","breadcrumb":{"@id":"https:\/\/lesbambinsdefontcaude.fr\/index.php\/page-d-exemple\/#breadcrumb"},"inLanguage":"en-US","potentialAction":[{"@type":"ReadAction","target":["https:\/\/lesbambinsdefontcaude.fr\/index.php\/page-d-exemple\/"]}]},{"@type":"BreadcrumbList","@id":"https:\/\/lesbambinsdefontcaude.fr\/index.php\/page-d-exemple\/#breadcrumb","itemListElement":[{"@type":"ListItem","position":1,"name":"Accueil","item":"https:\/\/lesbambinsdefontcaude.fr\/"},{"@type":"ListItem","position":2,"name":"L&#8217;ECOLE"}]},{"@type":"WebSite","@id":"https:\/\/lesbambinsdefontcaude.fr\/#website","url":"https:\/\/lesbambinsdefontcaude.fr\/","name":"lesbambinsdefontcaude","description":"","publisher":{"@id":"https:\/\/lesbambinsdefontcaude.fr\/#organization"},"potentialAction":[{"@type":"SearchAction","target":{"@type":"EntryPoint","urlTemplate":"https:\/\/lesbambinsdefontcaude.fr\/?s={search_term_string}"},"query-input":"required name=search_term_string"}],"inLanguage":"en-US"},{"@type":"Organization","@id":"https:\/\/lesbambinsdefontcaude.fr\/#organization","name":"Association des parents d'\u00e9l\u00e8ves les Bambins de Fontcaude","url":"https:\/\/lesbambinsdefontcaude.fr\/","logo":{"@type":"ImageObject","inLanguage":"en-US","@id":"https:\/\/lesbambinsdefontcaude.fr\/#\/schema\/logo\/image\/","url":"http:\/\/lesbambinsdefontcaude.fr\/wp-content\/uploads\/2022\/12\/png_20220921_213444_0000-5.png","contentUrl":"http:\/\/lesbambinsdefontcaude.fr\/wp-content\/uploads\/2022\/12\/png_20220921_213444_0000-5.png","width":617,"height":370,"caption":"Association des parents d'\u00e9l\u00e8ves les Bambins de Fontcaude"},"image":{"@id":"https:\/\/lesbambinsdefontcaude.fr\/#\/schema\/logo\/image\/"},"sameAs":["https:\/\/m.facebook.com\/people\/Association-des-Parents-dlves-Les-Bambins-de-Fontcaude\/100086755537772\/"]}]}},"featured_image_src":null,"featured_image_src_square":null,"_links":{"self":[{"href":"https:\/\/lesbambinsdefontcaude.fr\/index.php\/wp-json\/wp\/v2\/pages\/2","targetHints":{"allow":["GET"]}}],"collection":[{"href":"https:\/\/lesbambinsdefontcaude.fr\/index.php\/wp-json\/wp\/v2\/pages"}],"about":[{"href":"https:\/\/lesbambinsdefontcaude.fr\/index.php\/wp-json\/wp\/v2\/types\/page"}],"author":[{"embeddable":true,"href":"https:\/\/lesbambinsdefontcaude.fr\/index.php\/wp-json\/wp\/v2\/users\/1"}],"replies":[{"embeddable":true,"href":"https:\/\/lesbambinsdefontcaude.fr\/index.php\/wp-json\/wp\/v2\/comments?post=2"}],"version-history":[{"count":12,"href":"https:\/\/lesbambinsdefontcaude.fr\/index.php\/wp-json\/wp\/v2\/pages\/2\/revisions"}],"predecessor-version":[{"id":358,"href":"https:\/\/lesbambinsdefontcaude.fr\/index.php\/wp-json\/wp\/v2\/pages\/2\/revisions\/358"}],"wp:attachment":[{"href":"https:\/\/lesbambinsdefontcaude.fr\/index.php\/wp-json\/wp\/v2\/media?parent=2"}],"curies":[{"name":"wp","href":"https:\/\/api.w.org\/{rel}","templated":true}]}}